 what is -912 - 1115?
-1a27
In base 3, what is 10212210120001 + -11?
10212210112220
In base 8, what is -1530323 - 1010?
-1531333
In base 13, what is -1006 + -10047?
-11050
In base 16, what is f96c1f1 - -3?
f96c1f4
In base 8, what is -5 + -30305216?
-30305223
In base 3, what is -1011 + -110111200202121?
-110111200210202
In base 16, what is -345f7 + -44b?
-34a42
In base 3, what is 212211122111 + 22?
212211122210
In base 5, what is 3032 + -14023030?
-14014443
In base 2, what is 1010101010101 - 100111100000?
101101110101
In base 11, what is 2 + 1699194?
1699196
In base 10, what is 5 + 97728471?
97728476
In base 6, what is 13440544 - -5221?
13450205
In base 5, what is -1434033102234 + 3?
-1434033102231
In base 4, what is -32320320 - -321100?
-31333220
In base 16, what is c867f + -1?
c867e
In base 6, what is 24 - 4455134?
-4455110
In base 4, what is -11123001 - 22223?
-11211230
In base 2, what is -10001001100100100100001 - 11100?
-10001001100100100111101
In base 6, what is -1 - 202425352?
-202425353
In base 14, what is b809 - 1d?
b7ca
In base 3, what is -220212200001 - 112?
-220212200120
In base 8, what is 10611273 + 6?
10611301
In base 12, what is -906b98 + 4?
-906b94
In base 9, what is 1752418 - 42?
1752366
In base 10, what is 1896273 - 15?
1896258
In base 3, what is -2100202020120110 - 11?
-2100202020120121
In base 3, what is 110012212200212 + 202?
110012212201121
In base 2, what is -10101110 - -1000011100011011111?
1000011100000110001
In base 10, what is -697682 - 85?
-697767
In base 8, what is -2505244016 + 5?
-2505244011
In base 13, what is -2 - 65c320?
-65c322
In base 4, what is 2020 - -10332311?
11000331
In base 10, what is 2012457 - 144?
2012313
In base 13, what is -10 + 13a1084?
13a1074
In base 3, what is -12110 - 102021201201?
-102021221011
In base 7, what is -253 + 25421516?
25421233
In base 12, what is -4691a44 + 0?
-4691a44
In base 15, what is 1dbe - -4de?
23ad
In base 9, what is 6 - -67541506?
67541513
In base 5, what is 102014 + -310124?
-203110
In base 16, what is 1f4a2f - a?
1f4a25
In base 12, what is 3 - -957b1b6?
957b1b9
In base 15, what is -4b4ab5 + 30?
-4b4a85
In base 3, what is -2022 - -20121110000012?
20121102220220
In base 12, what is 446 - -39b5?
423b
In base 3, what is -22 + -1111112002011?
-1111112002110
In base 8, what is -512243 + 777?
-511244
In base 15, what is -7c - d4b?
-dc8
In base 12, what is 7b + -36543?
-36484
In base 10, what is -382017746 + 2?
-382017744
In base 13, what is bc47a - -8?
bc485
In base 5, what is 444122433 + -22?
444122411
In base 15, what is -25103b3d - 2?
-25103b40
In base 15, what is -c + -8de596?
-8de5a3
In base 5, what is -34112 + 1012303?
423141
In base 3, what is 20211021 - 212011200?
-121100102
In base 12, what is 885 + 1273b?
13404
In base 16, what is -47 + -124bc?
-12503
In base 12, what is -2260550 - -1?
-226054b
In base 8, what is -20455 + 12213?
-6242
In base 16, what is 1 + -254f520?
-254f51f
In base 16, what is 4c3 + -9f64?
-9aa1
In base 3, what is 2212 - -122012000121?
122012010110
In base 3, what is 2222101 - 11011121100?
-11001121222
In base 3, what is 11001120021 - 1000121?
11000112200
In base 2, what is 11001101 + -111100000?
-100010011
In base 16, what is -5f1d5 + -375?
-5f54a
In base 16, what is 0 - -7b7974?
7b7974
In base 15, what is -a2ec5 + 672?
-a2853
In base 10, what is 1480783 + -2?
1480781
In base 8, what is 3 + 77714250?
77714253
In base 15, what is 10d - 8b5d0?
-8b4c2
In base 15, what is -aa + ed4c?
ec92
In base 14, what is -7b + -3161c?
-31699
In base 10, what is 409393 + 8?
409401
In base 14, what is -26 - d2646?
-d266c
In base 4, what is 1002 + -210231201?
-210230133
In base 9, what is -116056666 - 4?
-116056671
In base 10, what is -1860 - 3752?
-5612
In base 9, what is 47223 - 1685?
45427
In base 2, what is 1100011100001000 + -11100?
1100011011101100
In base 13, what is -1769b915 - -5?
-1769b910
In base 5, what is -2 - 134103211?
-134103213
In base 13, what is b2268 + 30?
b2298
In base 16, what is -14d3c - c?
-14d48
In base 13, what is 1c74a - 5a2?
1c178
In base 6, what is 202 + -52530401?
-52530155
In base 15, what is 320c0 + -698?
31927
In base 8, what is 1450 - 70346?
-66676
In base 3, what is 2211 + 1022111111210?
1022111121121
In base 16, what is 16 - -4ea37?
4ea4d
In base 7, what is -15524 + -255366?
-304223
In base 11, what is -44a633 + -564?
-450097
In base 13, what is 16714b94 + -8?
16714b89
In base 16, what is 25 + 15d9ef?
15da14
In base 15, what is 143a + 28c98?
2a1d3
In base 9, what is -4 - 7740867?
-7740872
In base 10, what is 1 - 50388160?
-50388159
In base 13, what is -34 - -1425477?
1425443
In base 16, what is -46b2 - 1b6c?
-621e
In base 10, what is 4 + -245997?
-245993
In base 12, what is -340 + 678a?
644a
In base 15, what is -16a1673 - -4?
-16a166e
In base 4, what is -202201 - 131210?
-1000011
In base 4, what is 112 + -1313130102313?
-1313130102201
In base 8, what is -43 + 13346110?
13346045
In base 8, what is 3761 + -414076?
-410115
In base 16, what is -aa6 + f6?
-9b0
In base 15, what is -e5 - ec346?
-ec43b
In base 7, what is -12123 + 1155?
-10635
In base 10, what is 13561 - -752?
14313
In base 8, what is 263 + -2362061?
-2361576
In base 15, what is -1312 - 8947?
-9c59
In base 2, what is 10100 - 10101100000101110000011?
-10101100000101101101111
In base 9, what is 131 - 135006?
-134765
In base 13, what is 12 + 13b59236?
13b59248
In base 16, what is -49b489a - -3?
-49b4897
In base 12, what is 1215 + -2003?
-9aa
In base 11, what is 29800097 - -4?
298000a0
In base 2, what is 11100100000011011 - -10101010100111?
11111001011000010
In base 7, what is 110523 - 10134?
100356
In base 12, what is -58a961 - -242?
-58a71b
In base 7, what is 356106020 - -2?
356106022
In base 10, what is -146709 - -117?
-146592
In base 12, what is 19833695 + 5?
1983369a
In base 8, what is -324 + -41120?
-41444
In base 7, what is -1000 + -13205?
-14205
In base 8, what is 4 + -100211364?
-100211360
In base 13, what is -7b57a - -47a?
-7b100
In base 7, what is -1343 + 5130261?
5125615
In base 5, what is 124244012123 - 3?
124244012120
In base 14, what is 5bc8059 - -10?
5bc8069
In base 3, what is 1212221 - 2022121?
-102200
In base 2, what is -10 - -10101111100010000101100010?
10101111100010000101100000
In base 2, what is -101 - 1101001011000111101111100?
-1101001011000111110000001
In base 3, what is 1110011220020 + -111?
1110011212202
In base 15, what is 7d + -5bb3e?
-5bab1
In base 13, what is 161a9c9 - 2?
161a9c7
In base 4, what is 1333331212322 - -10?
1333331212332
In base 10, what is 3931 - 11004?
-7073
In base 16, what is 3 - 38f2e85?
-38f2e82
In base 5, what is -2200 + -1130413?
-1133113
In base 2, what is -1 - -10010100100010001000000?
10010100100010000111111
In base 5, what is -20 - 24442004?
-24442024
In base 16, what is 23325 + ee?
23413
In base 10, what is 1500464 + 54?
1500518
In base 4, what is 3 + -1010021322110?
-1010021322101
In base 6, what is -1 + 15124005235?
15124005234
In base 10, what is 22585942 + -2?
22585940
In base 5, what is 24134401 - 4?
24134342
In base 7, what is -2564142116 + -13?
-2564142132
In base 4, what is 12223310330 + 21?
12223311011
In base 9, what is 3 - 57463553?
-57463550
In base 5, what is 122 - 124130432?
-124130310
In base 12, what is -3 - -38956368?
38956365
In base 5, what is -234101433244 - 0?
-234101433244
In base 2, what is -111100110110 + 1100101101110011?
1011110000111101
In base 2, what is -101110100111 - 101110001100?
-1011100110011
In base 5, what is -123332 + -30200?
-204032
In base 5, what is -2 + -202212304200?
-202212304202
In base 15, what is -33d525 + -6?
-33d52b
In base 10, what is -1014847 + -19?
-1014866
In base 8, what is -313 - -250336?
250023
In base 5, what is 214011 + 241420?
1010431
In base 16, what is -2c3 - b9dd?
-bca0
In base 6, what is 215054143 - 0?
215054143
In base 14, what is 6a - -3cc799?
3cc825
In base 12, what is -4 + -5711b1?
-5711b5
In base 15, what is -19c656a8 - 4?
-19c656ac
In base 11, what is -11 - 18889465?
-18889476
In base 9, what is -7 + -8404451?
-8404458
In base 9, what is 7847 - 30380?
-21432
In base 15, what is b4b - 289b9?
-27d6d
In base 4, what is 1132013200212 - -2?
1132013200220
In base 11, what is -5 - -1572245?
1572240
In base 9, what is -2 - 8631671?
-8631673
In base 13, what 